{"id":4990,"date":"2025-01-13T18:23:09","date_gmt":"2025-01-13T17:23:09","guid":{"rendered":"https:\/\/jeneyugyved.hu\/impresszum\/"},"modified":"2025-02-04T16:10:29","modified_gmt":"2025-02-04T15:10:29","slug":"impressum","status":"publish","type":"page","link":"https:\/\/jeneyugyved.hu\/en\/impressum\/","title":{"rendered":"Impressum"},"content":{"rendered":"<p>[et_pb_section fb_built=&#8221;1&#8243; fullwidth=&#8221;on&#8221; disabled_on=&#8221;off|off|off&#8221; _builder_version=&#8221;4.27.4&#8243; _module_preset=&#8221;default&#8221; background_image=&#8221;https:\/\/jeneyugyved.hu\/wp-content\/uploads\/2024\/12\/Jeney-ugyvedi-iroda-kapcsolat.jpg&#8221; background_position=&#8221;top_center&#8221; background_enable_video_mp4=&#8221;off&#8221; global_colors_info=&#8221;{}&#8221;][et_pb_fullwidth_header title=&#8221;Impressum&#8221; button_one_url=&#8221;http:\/\/wphonlap.eu\/ilf\/join-us\/&#8221; button_two_url=&#8221;http:\/\/wphonlap.eu\/ilf\/about-us\/&#8221; _builder_version=&#8221;4.27.4&#8243; _module_preset=&#8221;default&#8221; title_font=&#8221;|700||on|||||&#8221; title_text_align=&#8221;center&#8221; title_text_color=&#8221;#FFFFFF&#8221; title_font_size=&#8221;45px&#8221; title_letter_spacing=&#8221;2px&#8221; content_font=&#8221;|700|||||||&#8221; content_text_color=&#8221;#FFFFFF&#8221; content_font_size=&#8221;20px&#8221; subhead_font=&#8221;|700|||||||&#8221; subhead_text_align=&#8221;center&#8221; subhead_text_color=&#8221;#FFFFFF&#8221; subhead_font_size=&#8221;26px&#8221; subhead_line_height=&#8221;2.5em&#8221; background_color=&#8221;rgba(0,0,0,0.5)&#8221; background_enable_image=&#8221;off&#8221; background_enable_video_mp4=&#8221;off&#8221; custom_button_one=&#8221;on&#8221; button_one_text_size=&#8221;18px&#8221; button_one_text_color=&#8221;#f0801e&#8221; button_one_bg_color=&#8221;#FFFFFF&#8221; button_one_bg_color_gradient_direction=&#8221;90deg&#8221; button_one_bg_color_gradient_stops=&#8221;#353c44 0%|#768799 100%&#8221; button_one_bg_color_gradient_start=&#8221;#353c44&#8243; button_one_bg_color_gradient_end=&#8221;#768799&#8243; button_one_border_width=&#8221;2px&#8221; button_one_border_color=&#8221;#f0801e&#8221; button_one_border_radius=&#8221;5px&#8221; button_one_font=&#8221;|700||on|||||&#8221; custom_button_two=&#8221;on&#8221; button_two_text_size=&#8221;18px&#8221; button_two_text_color=&#8221;#FFFFFF&#8221; button_two_bg_color=&#8221;#f0801e&#8221; button_two_border_color=&#8221;#FFFFFF&#8221; button_two_border_radius=&#8221;5px&#8221; button_two_font=&#8221;|700||on|||||&#8221; custom_padding=&#8221;100px||100px||false|false&#8221; custom_padding_tablet=&#8221;&#8221; custom_padding_phone=&#8221;110px||110px||false|false&#8221; custom_padding_last_edited=&#8221;on|phone&#8221; animation_style=&#8221;fade&#8221; animation_delay=&#8221;400ms&#8221; box_shadow_style=&#8221;preset3&#8243; box_shadow_style_button_one=&#8221;preset1&#8243; box_shadow_style_button_two=&#8221;preset1&#8243; global_colors_info=&#8221;{}&#8221;][\/et_pb_fullwidth_header][\/et_pb_section][et_pb_section fb_built=&#8221;1&#8243; _builder_version=&#8221;4.27.4&#8243; _module_preset=&#8221;default&#8221; background_color=&#8221;#FFFFFF&#8221; locked=&#8221;off&#8221; global_colors_info=&#8221;{}&#8221;][et_pb_row _builder_version=&#8221;4.27.4&#8243; _module_preset=&#8221;default&#8221; global_colors_info=&#8221;{}&#8221;][et_pb_column type=&#8221;4_4&#8243; _builder_version=&#8221;4.27.4&#8243; _module_preset=&#8221;default&#8221; global_colors_info=&#8221;{}&#8221;][et_pb_text _builder_version=&#8221;4.27.4&#8243; _module_preset=&#8221;default&#8221; global_colors_info=&#8221;{}&#8221;]<\/p>\n<p><strong>1. A szolg\u00e1ltat\u00f3 neve:<\/strong> Dr. Jeney Ferenc \u00dcgyv\u00e9di Iroda<br \/><strong>2. A szolg\u00e1ltat\u00f3 sz\u00e9khelye:<\/strong> 4025 Debrecen, Arany J\u00e1nos utca 20. 1\/6.<br \/><strong>3. A szolg\u00e1ltat\u00f3 el\u00e9rhet\u0151s\u00e9ge:<\/strong> 06 52 410 008, iroda@jeneyugyved.hu<br \/><strong>4. A szolg\u00e1ltat\u00f3t nyilv\u00e1ntart\u00e1sba vev\u0151 hat\u00f3s\u00e1g:<\/strong> Debreceni \u00dcgyv\u00e9di Kamara<br \/><strong>5. Ad\u00f3sz\u00e1m:<\/strong> 19344092-2-09<br \/><strong>6. Hat\u00f3s\u00e1gi enged\u00e9ly:<\/strong> KASZ36062260<br \/><strong>7. Kamara:<\/strong> Debreceni \u00dcgyv\u00e9di Kamara<br \/><strong>8. A t\u00e1rhelyszolg\u00e1ltat\u00f3 adatai<\/strong><br \/>N\u00e9v: Inclust Kft.<br \/>Sz\u00e9khely: 1054, Budapest, Honv\u00e9d utca 8. 1\/2.<br \/>Ad\u00f3sz\u00e1m: 14492327-2-41<br \/>E-mail: support@inclust.com<\/p>\n<p>[\/et_pb_text][\/et_pb_column][\/et_pb_row][\/et_pb_section]<\/p>\n","protected":false},"excerpt":{"rendered":"<p>1. A szolg\u00e1ltat\u00f3 neve: Dr. Jeney Ferenc \u00dcgyv\u00e9di Iroda2. A szolg\u00e1ltat\u00f3 sz\u00e9khelye: 4025 Debrecen, Arany J\u00e1nos utca 20. 1\/6.3. A szolg\u00e1ltat\u00f3 el\u00e9rhet\u0151s\u00e9ge: 06 52 410 008, iroda@jeneyugyved.hu4. A szolg\u00e1ltat\u00f3t nyilv\u00e1ntart\u00e1sba vev\u0151 hat\u00f3s\u00e1g: Debreceni \u00dcgyv\u00e9di Kamara5. Ad\u00f3sz\u00e1m: 19344092-2-096. Hat\u00f3s\u00e1gi enged\u00e9ly: KASZ360622607. Kamara: Debreceni \u00dcgyv\u00e9di Kamara8. A t\u00e1rhelyszolg\u00e1ltat\u00f3 adataiN\u00e9v: Inclust Kft.Sz\u00e9khely: 1054, Budapest, Honv\u00e9d utca 8. 1\/2.Ad\u00f3sz\u00e1m: [&hellip;]<\/p>\n","protected":false},"author":2,"featured_media":0,"parent":0,"menu_order":0,"comment_status":"closed","ping_status":"closed","template":"","meta":{"_et_pb_use_builder":"on","_et_pb_old_content":"","_et_gb_content_width":"","footnotes":""},"class_list":["post-4990","page","type-page","status-publish","hentry"],"yoast_head":"<!-- This site is optimized with the Yoast SEO Premium plugin v26.2 (Yoast SEO v26.6) - https:\/\/yoast.com\/wordpress\/plugins\/seo\/ -->\n<title>Impressum - Jeney Law Firm<\/title>\n<meta name=\"robots\" content=\"noindex, follow\" \/>\n<meta property=\"og:locale\" content=\"en_US\" \/>\n<meta property=\"og:type\" content=\"article\" \/>\n<meta property=\"og:title\" content=\"Impressum\" \/>\n<meta property=\"og:description\" content=\"1. A szolg\u00e1ltat\u00f3 neve: Dr. Jeney Ferenc \u00dcgyv\u00e9di Iroda2. A szolg\u00e1ltat\u00f3 sz\u00e9khelye: 4025 Debrecen, Arany J\u00e1nos utca 20. 1\/6.3. A szolg\u00e1ltat\u00f3 el\u00e9rhet\u0151s\u00e9ge: 06 52 410 008, iroda@jeneyugyved.hu4. A szolg\u00e1ltat\u00f3t nyilv\u00e1ntart\u00e1sba vev\u0151 hat\u00f3s\u00e1g: Debreceni \u00dcgyv\u00e9di Kamara5. Ad\u00f3sz\u00e1m: 19344092-2-096. Hat\u00f3s\u00e1gi enged\u00e9ly: KASZ360622607. Kamara: Debreceni \u00dcgyv\u00e9di Kamara8. A t\u00e1rhelyszolg\u00e1ltat\u00f3 adataiN\u00e9v: Inclust Kft.Sz\u00e9khely: 1054, Budapest, Honv\u00e9d utca 8. 1\/2.Ad\u00f3sz\u00e1m: [&hellip;]\" \/>\n<meta property=\"og:url\" content=\"https:\/\/jeneyugyved.hu\/en\/impressum\/\" \/>\n<meta property=\"og:site_name\" content=\"Jeney \u00dcgyv\u00e9di Iroda\" \/>\n<meta property=\"article:modified_time\" content=\"2025-02-04T15:10:29+00:00\" \/>\n<meta property=\"og:image\" content=\"https:\/\/jeneyugyved.hu\/wp-content\/uploads\/2024\/12\/Jeney-Ferenc-og.jpg\" \/>\n\t<meta property=\"og:image:width\" content=\"1125\" \/>\n\t<meta property=\"og:image:height\" content=\"633\" \/>\n\t<meta property=\"og:image:type\" content=\"image\/jpeg\" \/>\n<meta name=\"twitter:card\" content=\"summary_large_image\" \/>\n<meta name=\"twitter:label1\" content=\"Est. reading time\" \/>\n\t<meta name=\"twitter:data1\" content=\"1 minute\" \/>\n<script type=\"application\/ld+json\" class=\"yoast-schema-graph\">{\"@context\":\"https:\/\/schema.org\",\"@graph\":[{\"@type\":\"WebPage\",\"@id\":\"https:\/\/jeneyugyved.hu\/en\/impressum\/\",\"url\":\"https:\/\/jeneyugyved.hu\/en\/impressum\/\",\"name\":\"Impressum - Jeney Law Firm\",\"isPartOf\":{\"@id\":\"https:\/\/jeneyugyved.hu\/#website\"},\"datePublished\":\"2025-01-13T17:23:09+00:00\",\"dateModified\":\"2025-02-04T15:10:29+00:00\",\"breadcrumb\":{\"@id\":\"https:\/\/jeneyugyved.hu\/en\/impressum\/#breadcrumb\"},\"inLanguage\":\"en-US\",\"potentialAction\":[{\"@type\":\"ReadAction\",\"target\":[\"https:\/\/jeneyugyved.hu\/en\/impressum\/\"]}]},{\"@type\":\"BreadcrumbList\",\"@id\":\"https:\/\/jeneyugyved.hu\/en\/impressum\/#breadcrumb\",\"itemListElement\":[{\"@type\":\"ListItem\",\"position\":1,\"name\":\"Kezd\u0151lap\",\"item\":\"https:\/\/jeneyugyved.hu\/en\/\"},{\"@type\":\"ListItem\",\"position\":2,\"name\":\"Impressum\"}]},{\"@type\":\"WebSite\",\"@id\":\"https:\/\/jeneyugyved.hu\/#website\",\"url\":\"https:\/\/jeneyugyved.hu\/\",\"name\":\"Jeney \u00dcgyv\u00e9di Iroda\",\"description\":\"dr. Jeney Ferenc \u2013 \u00fcgyv\u00e9d Debrecen v\u00e1ros\u00e1ban\",\"potentialAction\":[{\"@type\":\"SearchAction\",\"target\":{\"@type\":\"EntryPoint\",\"urlTemplate\":\"https:\/\/jeneyugyved.hu\/?s={search_term_string}\"},\"query-input\":{\"@type\":\"PropertyValueSpecification\",\"valueRequired\":true,\"valueName\":\"search_term_string\"}}],\"inLanguage\":\"en-US\"}]}<\/script>\n<!-- \/ Yoast SEO Premium plugin. -->","yoast_head_json":{"title":"Impressum - Jeney Law Firm","robots":{"index":"noindex","follow":"follow"},"og_locale":"en_US","og_type":"article","og_title":"Impressum","og_description":"1. A szolg\u00e1ltat\u00f3 neve: Dr. Jeney Ferenc \u00dcgyv\u00e9di Iroda2. A szolg\u00e1ltat\u00f3 sz\u00e9khelye: 4025 Debrecen, Arany J\u00e1nos utca 20. 1\/6.3. A szolg\u00e1ltat\u00f3 el\u00e9rhet\u0151s\u00e9ge: 06 52 410 008, iroda@jeneyugyved.hu4. A szolg\u00e1ltat\u00f3t nyilv\u00e1ntart\u00e1sba vev\u0151 hat\u00f3s\u00e1g: Debreceni \u00dcgyv\u00e9di Kamara5. Ad\u00f3sz\u00e1m: 19344092-2-096. Hat\u00f3s\u00e1gi enged\u00e9ly: KASZ360622607. Kamara: Debreceni \u00dcgyv\u00e9di Kamara8. A t\u00e1rhelyszolg\u00e1ltat\u00f3 adataiN\u00e9v: Inclust Kft.Sz\u00e9khely: 1054, Budapest, Honv\u00e9d utca 8. 1\/2.Ad\u00f3sz\u00e1m: [&hellip;]","og_url":"https:\/\/jeneyugyved.hu\/en\/impressum\/","og_site_name":"Jeney \u00dcgyv\u00e9di Iroda","article_modified_time":"2025-02-04T15:10:29+00:00","og_image":[{"width":1125,"height":633,"url":"https:\/\/jeneyugyved.hu\/wp-content\/uploads\/2024\/12\/Jeney-Ferenc-og.jpg","type":"image\/jpeg"}],"twitter_card":"summary_large_image","twitter_misc":{"Est. reading time":"1 minute"},"schema":{"@context":"https:\/\/schema.org","@graph":[{"@type":"WebPage","@id":"https:\/\/jeneyugyved.hu\/en\/impressum\/","url":"https:\/\/jeneyugyved.hu\/en\/impressum\/","name":"Impressum - Jeney Law Firm","isPartOf":{"@id":"https:\/\/jeneyugyved.hu\/#website"},"datePublished":"2025-01-13T17:23:09+00:00","dateModified":"2025-02-04T15:10:29+00:00","breadcrumb":{"@id":"https:\/\/jeneyugyved.hu\/en\/impressum\/#breadcrumb"},"inLanguage":"en-US","potentialAction":[{"@type":"ReadAction","target":["https:\/\/jeneyugyved.hu\/en\/impressum\/"]}]},{"@type":"BreadcrumbList","@id":"https:\/\/jeneyugyved.hu\/en\/impressum\/#breadcrumb","itemListElement":[{"@type":"ListItem","position":1,"name":"Kezd\u0151lap","item":"https:\/\/jeneyugyved.hu\/en\/"},{"@type":"ListItem","position":2,"name":"Impressum"}]},{"@type":"WebSite","@id":"https:\/\/jeneyugyved.hu\/#website","url":"https:\/\/jeneyugyved.hu\/","name":"Jeney \u00dcgyv\u00e9di Iroda","description":"dr. Jeney Ferenc \u2013 \u00fcgyv\u00e9d Debrecen v\u00e1ros\u00e1ban","potentialAction":[{"@type":"SearchAction","target":{"@type":"EntryPoint","urlTemplate":"https:\/\/jeneyugyved.hu\/?s={search_term_string}"},"query-input":{"@type":"PropertyValueSpecification","valueRequired":true,"valueName":"search_term_string"}}],"inLanguage":"en-US"}]}},"_links":{"self":[{"href":"https:\/\/jeneyugyved.hu\/en\/wp-json\/wp\/v2\/pages\/4990","targetHints":{"allow":["GET"]}}],"collection":[{"href":"https:\/\/jeneyugyved.hu\/en\/wp-json\/wp\/v2\/pages"}],"about":[{"href":"https:\/\/jeneyugyved.hu\/en\/wp-json\/wp\/v2\/types\/page"}],"author":[{"embeddable":true,"href":"https:\/\/jeneyugyved.hu\/en\/wp-json\/wp\/v2\/users\/2"}],"replies":[{"embeddable":true,"href":"https:\/\/jeneyugyved.hu\/en\/wp-json\/wp\/v2\/comments?post=4990"}],"version-history":[{"count":1,"href":"https:\/\/jeneyugyved.hu\/en\/wp-json\/wp\/v2\/pages\/4990\/revisions"}],"predecessor-version":[{"id":5119,"href":"https:\/\/jeneyugyved.hu\/en\/wp-json\/wp\/v2\/pages\/4990\/revisions\/5119"}],"wp:attachment":[{"href":"https:\/\/jeneyugyved.hu\/en\/wp-json\/wp\/v2\/media?parent=4990"}],"curies":[{"name":"wp","href":"https:\/\/api.w.org\/{rel}","templated":true}]}}

<p>[et_pb_section fb_built=&#8221;1&#8243; fullwidth=&#8221;on&#8221; disabled_on=&#8221;off|off|off&#8221; _builder_version=&#8221;4.27.4&#8243; _module_preset=&#8221;default&#8221; background_image=&#8221;https://jeneyugyved.hu/wp-content/uploads/2024/12/Jeney-ugyvedi-iroda-kapcsolat.jpg&#8221; background_position=&#8221;top_center&#8221; background_enable_video_mp4=&#8221;off&#8221; global_colors_info=&#8221;{}&#8221;][et_pb_fullwidth_header title=&#8221;Impressum&#8221; button_one_url=&#8221;http://wphonlap.eu/ilf/join-us/&#8221; button_two_url=&#8221;http://wphonlap.eu/ilf/about-us/&#8221; _builder_version=&#8221;4.27.4&#8243; _module_preset=&#8221;default&#8221; title_font=&#8221;|700||on|||||&#8221; title_text_align=&#8221;center&#8221; title_text_color=&#8221;#FFFFFF&#8221; title_font_size=&#8221;45px&#8221; title_letter_spacing=&#8221;2px&#8221; content_font=&#8221;|700|||||||&#8221; content_text_color=&#8221;#FFFFFF&#8221; content_font_size=&#8221;20px&#8221; subhead_font=&#8221;|700|||||||&#8221; subhead_text_align=&#8221;center&#8221; subhead_text_color=&#8221;#FFFFFF&#8221; subhead_font_size=&#8221;26px&#8221; subhead_line_height=&#8221;2.5em&#8221; background_color=&#8221;rgba(0,0,0,0.5)&#8221; background_enable_image=&#8221;off&#8221; background_enable_video_mp4=&#8221;off&#8221; custom_button_one=&#8221;on&#8221; button_one_text_size=&#8221;18px&#8221; button_one_text_color=&#8221;#f0801e&#8221; button_one_bg_color=&#8221;#FFFFFF&#8221; button_one_bg_color_gradient_direction=&#8221;90deg&#8221; button_one_bg_color_gradient_stops=&#8221;#353c44 0%|#768799 100%&#8221; button_one_bg_color_gradient_start=&#8221;#353c44&#8243; button_one_bg_color_gradient_end=&#8221;#768799&#8243; button_one_border_width=&#8221;2px&#8221; button_one_border_color=&#8221;#f0801e&#8221; button_one_border_radius=&#8221;5px&#8221; button_one_font=&#8221;|700||on|||||&#8221; custom_button_two=&#8221;on&#8221; button_two_text_size=&#8221;18px&#8221; button_two_text_color=&#8221;#FFFFFF&#8221; button_two_bg_color=&#8221;#f0801e&#8221; button_two_border_color=&#8221;#FFFFFF&#8221; button_two_border_radius=&#8221;5px&#8221; button_two_font=&#8221;|700||on|||||&#8221; custom_padding=&#8221;100px||100px||false|false&#8221; custom_padding_tablet=&#8221;&#8221; custom_padding_phone=&#8221;110px||110px||false|false&#8221; custom_padding_last_edited=&#8221;on|phone&#8221; animation_style=&#8221;fade&#8221; animation_delay=&#8221;400ms&#8221; box_shadow_style=&#8221;preset3&#8243; box_shadow_style_button_one=&#8221;preset1&#8243; box_shadow_style_button_two=&#8221;preset1&#8243; global_colors_info=&#8221;{}&#8221;][/et_pb_fullwidth_header][/et_pb_section][et_pb_section fb_built=&#8221;1&#8243; _builder_version=&#8221;4.27.4&#8243; _module_preset=&#8221;default&#8221; background_color=&#8221;#FFFFFF&#8221; locked=&#8221;off&#8221; global_colors_info=&#8221;{}&#8221;][et_pb_row _builder_version=&#8221;4.27.4&#8243; _module_preset=&#8221;default&#8221; global_colors_info=&#8221;{}&#8221;][et_pb_column type=&#8221;4_4&#8243; _builder_version=&#8221;4.27.4&#8243; _module_preset=&#8221;default&#8221; global_colors_info=&#8221;{}&#8221;][et_pb_text _builder_version=&#8221;4.27.4&#8243; _module_preset=&#8221;default&#8221; global_colors_info=&#8221;{}&#8221;]</p>
<p><strong>1. A szolgáltató neve:</strong> Dr. Jeney Ferenc Ügyvédi Iroda<br /><strong>2. A szolgáltató székhelye:</strong> 4025 Debrecen, Arany János utca 20. 1/6.<br /><strong>3. A szolgáltató elérhetősége:</strong> 06 52 410 008, iroda@jeneyugyved.hu<br /><strong>4. A szolgáltatót nyilvántartásba vevő hatóság:</strong> Debreceni Ügyvédi Kamara<br /><strong>5. Adószám:</strong> 19344092-2-09<br /><strong>6. Hatósági engedély:</strong> KASZ36062260<br /><strong>7. Kamara:</strong> Debreceni Ügyvédi Kamara<br /><strong>8. A tárhelyszolgáltató adatai</strong><br />Név: Inclust Kft.<br />Székhely: 1054, Budapest, Honvéd utca 8. 1/2.<br />Adószám: 14492327-2-41<br />E-mail: support@inclust.com</p>
<p>[/et_pb_text][/et_pb_column][/et_pb_row][/et_pb_section]</p>

<p>1. A szolgáltató neve: Dr. Jeney Ferenc Ügyvédi Iroda2. A szolgáltató székhelye: 4025 Debrecen, Arany János utca 20. 1/6.3. A szolgáltató elérhetősége: 06 52 410 008, iroda@jeneyugyved.hu4. A szolgáltatót nyilvántartásba vevő hatóság: Debreceni Ügyvédi Kamara5. Adószám: 19344092-2-096. Hatósági engedély: KASZ360622607. Kamara: Debreceni Ügyvédi Kamara8. A tárhelyszolgáltató adataiNév: Inclust Kft.Székhely: 1054, Budapest, Honvéd utca 8. 1/2.Adószám: [&hellip;]</p>

<!-- This site is optimized with the Yoast SEO Premium plugin v26.2 (Yoast SEO v26.6) - https://yoast.com/wordpress/plugins/seo/ -->
<title>Impressum - Jeney Law Firm</title>
<meta name="robots" content="noindex, follow" />
<meta property="og:locale" content="en_US" />
<meta property="og:type" content="article" />
<meta property="og:title" content="Impressum" />
<meta property="og:description" content="1. A szolgáltató neve: Dr. Jeney Ferenc Ügyvédi Iroda2. A szolgáltató székhelye: 4025 Debrecen, Arany János utca 20. 1/6.3. A szolgáltató elérhetősége: 06 52 410 008, iroda@jeneyugyved.hu4. A szolgáltatót nyilvántartásba vevő hatóság: Debreceni Ügyvédi Kamara5. Adószám: 19344092-2-096. Hatósági engedély: KASZ360622607. Kamara: Debreceni Ügyvédi Kamara8. A tárhelyszolgáltató adataiNév: Inclust Kft.Székhely: 1054, Budapest, Honvéd utca 8. 1/2.Adószám: [&hellip;]" />
<meta property="og:url" content="https://jeneyugyved.hu/en/impressum/" />
<meta property="og:site_name" content="Jeney Ügyvédi Iroda" />
<meta property="article:modified_time" content="2025-02-04T15:10:29+00:00" />
<meta property="og:image" content="https://jeneyugyved.hu/wp-content/uploads/2024/12/Jeney-Ferenc-og.jpg" />
	<meta property="og:image:width" content="1125" />
	<meta property="og:image:height" content="633" />
	<meta property="og:image:type" content="image/jpeg" />
<meta name="twitter:card" content="summary_large_image" />
<meta name="twitter:label1" content="Est. reading time" />
	<meta name="twitter:data1" content="1 minute" />
<script type="application/ld+json" class="yoast-schema-graph">{"@context":"https://schema.org","@graph":[{"@type":"WebPage","@id":"https://jeneyugyved.hu/en/impressum/","url":"https://jeneyugyved.hu/en/impressum/","name":"Impressum - Jeney Law Firm","isPartOf":{"@id":"https://jeneyugyved.hu/#website"},"datePublished":"2025-01-13T17:23:09+00:00","dateModified":"2025-02-04T15:10:29+00:00","breadcrumb":{"@id":"https://jeneyugyved.hu/en/impressum/#breadcrumb"},"inLanguage":"en-US","potentialAction":[{"@type":"ReadAction","target":["https://jeneyugyved.hu/en/impressum/"]}]},{"@type":"BreadcrumbList","@id":"https://jeneyugyved.hu/en/impressum/#breadcrumb","itemListElement":[{"@type":"ListItem","position":1,"name":"Kezdőlap","item":"https://jeneyugyved.hu/en/"},{"@type":"ListItem","position":2,"name":"Impressum"}]},{"@type":"WebSite","@id":"https://jeneyugyved.hu/#website","url":"https://jeneyugyved.hu/","name":"Jeney Ügyvédi Iroda","description":"dr. Jeney Ferenc – ügyvéd Debrecen városában","potentialAction":[{"@type":"SearchAction","target":{"@type":"EntryPoint","urlTemplate":"https://jeneyugyved.hu/?s={search_term_string}"},"query-input":{"@type":"PropertyValueSpecification","valueRequired":true,"valueName":"search_term_string"}}],"inLanguage":"en-US"}]}</script>
<!-- / Yoast SEO Premium plugin. -->

1. A szolgáltató neve: Dr. Jeney Ferenc Ügyvédi Iroda2. A szolgáltató székhelye: 4025 Debrecen, Arany János utca 20. 1/6.3. A szolgáltató elérhetősége: 06 52 410 008, iroda@jeneyugyved.hu4. A szolgáltatót nyilvántartásba vevő hatóság: Debreceni Ügyvédi Kamara5. Adószám: 19344092-2-096. Hatósági engedély: KASZ360622607. Kamara: Debreceni Ügyvédi Kamara8. A tárhelyszolgáltató adataiNév: Inclust Kft.Székhely: 1054, Budapest, Honvéd utca 8. 1/2.Adószám: [&hellip;]

Jeney Ügyvédi Iroda

Kezdőlap

dr. Jeney Ferenc – ügyvéd Debrecen városában
